{"id":23,"date":"2019-05-23T15:42:14","date_gmt":"2019-05-23T10:42:14","guid":{"rendered":"https:\/\/cryplant.com\/?page_id=23"},"modified":"2022-05-10T17:39:05","modified_gmt":"2022-05-10T23:39:05","slug":"tel-7774179993","status":"publish","type":"page","link":"https:\/\/cryplant.com\/paneles-solares\/","title":{"rendered":"Inicio"},"content":{"rendered":"<h1>[vc_row][vc_column css=\u00bb.vc_custom_1558657305517{margin-top: 80px !important;}\u00bb][vc_column_text css=\u00bb.vc_custom_1565234777949{margin-bottom: 80px !important;}\u00bb]<\/h1>\n<h1 style=\"text-align: center;\">Con <strong><a href=\"https:\/\/cryplant.com\/paneles-solares\/industrial\">Cryplant<\/a> y sus Paneles Solares<\/strong> generas tu propia energ\u00eda el\u00e9ctrica y puedes llegar a pagar a CFE s\u00f3lo\u00a0 50 pesos bimestrales.<\/h1>\n<p>[\/vc_column_text][\/vc_column][\/vc_row][vc_row css=\u00bb.vc_custom_1558622243616{margin-bottom: 100px !important;}\u00bb][vc_column width=\u00bb1\/2&#8243;]<div class='dt-sc-icon-box type3 '><div class=\"icon-wrapper\"><span><img loading=\"lazy\" decoding=\"async\" width=\"300\" height=\"300\" src=\"https:\/\/cryplant.com\/wp-content\/uploads\/2019\/05\/006-solar-panel-300x300.png\" class=\"attachment-full\" alt=\"PANELES SOLARES\" srcset=\"https:\/\/cryplant.com\/wp-content\/uploads\/2019\/05\/006-solar-panel-300x300.png 300w, https:\/\/cryplant.com\/wp-content\/uploads\/2019\/05\/006-solar-panel-300x300-150x150.png 150w\" sizes=\"auto, (max-width: 300px) 100vw, 300px\" \/><\/span><\/div><div class=\"icon-content\"><h4>Paneles solares interconectados a CFE<\/h4><p>Estos paneles se conectan a la red de CFE para generar su propia electricidad\u00a0 interconect\u00e1ndose a la misma red el\u00e9ctrica para intercambiar energ\u00eda con ella.<\/p><\/div><\/div>[\/vc_column][vc_column width=\u00bb1\/2&#8243;]<div class='dt-sc-icon-box type3 '><div class=\"icon-wrapper\"><span><img loading=\"lazy\" decoding=\"async\" width=\"300\" height=\"300\" src=\"https:\/\/cryplant.com\/wp-content\/uploads\/2019\/05\/017-lightbulb-300x300.png\" class=\"attachment-full\" alt=\"ENERGIA\" srcset=\"https:\/\/cryplant.com\/wp-content\/uploads\/2019\/05\/017-lightbulb-300x300.png 300w, https:\/\/cryplant.com\/wp-content\/uploads\/2019\/05\/017-lightbulb-300x300-150x150.png 150w\" sizes=\"auto, (max-width: 300px) 100vw, 300px\" \/><\/span><\/div><div class=\"icon-content\"><h4>Paneles solares aislados<\/h4><p>Son ideales para zonas rurales pues proporcionan electricidad sin necesidad de estar conectados a una red el\u00e9ctrica.<\/p><\/div><\/div>[\/vc_column][\/vc_row][vc_row css=\u00bb.vc_custom_1559254190503{margin-top: 80px !important;}\u00bb][vc_column width=\u00bb1\/2&#8243; css=\u00bb.vc_custom_1558654042685{margin-bottom: 90px !important;}\u00bb]<div class='dt-sc-icon-box type3 '><div class=\"icon-wrapper\"><span><img loading=\"lazy\" decoding=\"async\" width=\"300\" height=\"300\" src=\"https:\/\/cryplant.com\/wp-content\/uploads\/2019\/05\/017-lightbulb-300x300.png\" class=\"attachment-full\" alt=\"ENERGIA\" srcset=\"https:\/\/cryplant.com\/wp-content\/uploads\/2019\/05\/017-lightbulb-300x300.png 300w, https:\/\/cryplant.com\/wp-content\/uploads\/2019\/05\/017-lightbulb-300x300-150x150.png 150w\" sizes=\"auto, (max-width: 300px) 100vw, 300px\" \/><\/span><\/div><div class=\"icon-content\"><h4>Luminarias solares<\/h4><p>La energ\u00eda producida por el panel solar durante el d\u00eda se almacena en una bater\u00eda, la cual suministra energ\u00eda a la luminaria durante la noche.<\/p><\/div><\/div>[\/vc_column][vc_column width=\u00bb1\/2&#8243;]<div class='dt-sc-icon-box type3 '><div class=\"icon-wrapper\"><span><img loading=\"lazy\" decoding=\"async\" width=\"300\" height=\"300\" src=\"https:\/\/cryplant.com\/wp-content\/uploads\/2019\/05\/020-plug-1-300x300.png\" class=\"attachment-full\" alt=\"PANELES SOLARES\" srcset=\"https:\/\/cryplant.com\/wp-content\/uploads\/2019\/05\/020-plug-1-300x300.png 300w, https:\/\/cryplant.com\/wp-content\/uploads\/2019\/05\/020-plug-1-300x300-150x150.png 150w\" sizes=\"auto, (max-width: 300px) 100vw, 300px\" \/><\/span><\/div><div class=\"icon-content\"><h4>Sistemas de bombeo solar<\/h4><p>Pueden\u00a0 usarse para riego y para piscinas, tambi\u00e9n son muy \u00fatiles en zonas rurales para extracci\u00f3n de agua de pozo con diferentes alturas y caudales.<\/p><\/div><\/div>[\/vc_column][\/vc_row][vc_section full_width=\u00bbstretch_row\u00bb css=\u00bb.vc_custom_1558655172641{padding-top: 100px !important;padding-bottom: 80px !important;background-color: #e8e8e8 !important;}\u00bb][vc_row][vc_column][vc_column_text]<\/p>\n<h3>Funcionamiento de un sistema fotovoltaico de paneles solares<\/h3>\n<p>Un sistema fotovoltaico interconectado a la red de CFE es una excelente inversi\u00f3n si est\u00e1s en la tarifa DAC y pagas m\u00e1s de 2,000 pesos bimestrales \u00f3 si est\u00e1s todav\u00eda en la tarifa 1 y est\u00e1s cerca de caer en la tarifa DAC.<\/p>\n<p>Lo anterior tambi\u00e9n aplica para la tarifa comercial PDBT ( antes tarifa 2 ) y en algunos casos de las tarifas de media tensi\u00f3n.<\/p>\n<p>\u00bf C\u00f3mo funciona ?<\/p>\n<p>La luz del sol cuando incide sobre los paneles solares, se convierte en energ\u00eda el\u00e9ctrica, de naturaleza cont\u00ednua ( polos positivo y negativo perfectamente definidos, como en la bater\u00eda de nuestros coches ).<\/p>\n<p>Por medio de un dispositivo llamado inversor , la corriente cont\u00ednua, se transforma en alterna, de 60 Hz , que es la que usamos en nuestros hogares en M\u00e9xico.( 60 Hz, significa que la corriente alterna cambia de polaridad 60 veces por segundo ).<\/p>\n<p>La corriente alterna producida se inyecta en el centro de carga de nuestra vivienda ( \u00f3 negocio ) y alimenta todas las cargas presentes.En caso de haber un sobrante, \u00e9ste se va a la red de CFE.Si hubiera un faltante es tomado de CFE.Este flujo de energ\u00eda entre nuestra casa y la red de CFE es controlado por un medidor bidireccional, el cual tiene 2 lecturas : La primera es la energ\u00eda que hemos tomado de CFE, la segunda la que hemos inyectado a CFE.Cada bimestre se realiza la diferencia entre ambas lecturas, si es positiva hay que pagar a CFE.Si es negativa, pagaremos el m\u00ednimo a CFE , \u00a0y tendremos energ\u00eda a nuestro favor , que ser\u00e1 usada en el siguiente bimestre.<\/p>\n<p>De una forma muy esquem\u00e1tica se puede representar as\u00ed el flujo de la energ\u00eda :[\/vc_column_text][\/vc_column][\/vc_row][vc_row][vc_column width=\u00bb1\/2&#8243;][vc_single_image image=\u00bb33&#8243; img_size=\u00bbfull\u00bb][\/vc_column][vc_column width=\u00bb1\/2&#8243;][vc_single_image image=\u00bb34&#8243; img_size=\u00bbfull\u00bb][\/vc_column][\/vc_row][vc_row full_width=\u00bbstretch_row_content\u00bb][vc_column][vc_cta h2=\u00bbInstalaci\u00f3n y mantenimiento de paneles solares en la Rep\u00fablica Mexicana\u00bb txt_align=\u00bbcenter\u00bb shape=\u00bbsquare\u00bb style=\u00bbflat\u00bb color=\u00bbgreen\u00bb add_button=\u00bbbottom\u00bb btn_title=\u00bbNUESTROS SERVICIOS\u00bb btn_style=\u00bbclassic\u00bb btn_shape=\u00bbsquare\u00bb btn_color=\u00bbprimary\u00bb btn_align=\u00bbcenter\u00bb btn_i_align=\u00bbright\u00bb btn_i_type=\u00bbentypo\u00bb btn_i_icon_entypo=\u00bbentypo-icon entypo-icon-info\u00bb btn_css_animation=\u00bbbounceInUp\u00bb css_animation=\u00bbbounceIn\u00bb btn_add_icon=\u00bbtrue\u00bb btn_link=\u00bburl:https%3A%2F%2Fcryplant.com%2Fservicios%2F|title:Servicios||\u00bb][\/vc_cta][\/vc_column][\/vc_row][\/vc_section]<\/p>\n","protected":false},"excerpt":{"rendered":"<p>[vc_row][vc_column css=\u00bb.vc_custom_1558657305517{margin-top: 80px !important;}\u00bb][vc_column_text css=\u00bb.vc_custom_1565234777949{margin-bottom: 80px !important;}\u00bb] Con Cryplant y sus Paneles Solares generas tu propia energ\u00eda el\u00e9ctrica y puedes llegar a pagar a CFE s\u00f3lo\u00a0 50 pesos bimestrales. [\/vc_column_text][\/vc_column][\/vc_row][vc_row css=\u00bb.vc_custom_1558622243616{margin-bottom: 100px !important;}\u00bb][vc_column width=\u00bb1\/2&#8243;][\/vc_column][vc_column width=\u00bb1\/2&#8243;][\/vc_column][\/vc_row][vc_row css=\u00bb.vc_custom_1559254190503{margin-top: 80px !important;}\u00bb][vc_column width=\u00bb1\/2&#8243; css=\u00bb.vc_custom_1558654042685{margin-bottom: 90px !important;}\u00bb][\/vc_column][vc_column width=\u00bb1\/2&#8243;][\/vc_column][\/vc_row][vc_section full_width=\u00bbstretch_row\u00bb css=\u00bb.vc_custom_1558655172641{padding-top: 100px !important;padding-bottom: 80px !important;background-color: #e8e8e8 !important;}\u00bb][vc_row][vc_column][vc_column_text] Funcionamiento de un sistema [&hellip;]<\/p>\n","protected":false},"author":3,"featured_media":564,"parent":0,"menu_order":0,"comment_status":"closed","ping_status":"closed","template":"","meta":{"footnotes":""},"class_list":["post-23","page","type-page","status-publish","has-post-thumbnail","hentry"],"yoast_head":"<!-- This site is optimized with the Yoast SEO plugin v19.12 - https:\/\/yoast.com\/wordpress\/plugins\/seo\/ -->\n<title>Paneles Solares | Cryplant | Cuernavaca,Morelos,Mexico<\/title>\n<meta name=\"description\" content=\"Instala Paneles Solares con Cryplant en Cuernavaca,Morelos y M\u00e9xico, obteniendo ahorros del 95 % en tu recibo de CFE. 777-4179993\" \/>\n<meta name=\"robots\" content=\"index, follow, max-snippet:-1, max-image-preview:large, max-video-preview:-1\" \/>\n<link rel=\"canonical\" href=\"https:\/\/cryplant.com\/paneles-solares\/\" \/>\n<meta property=\"og:locale\" content=\"es_ES\" \/>\n<meta property=\"og:type\" content=\"article\" \/>\n<meta property=\"og:title\" content=\"Paneles Solares | Cryplant | Cuernavaca,Morelos,Mexico\" \/>\n<meta property=\"og:description\" content=\"Instala Paneles Solares con Cryplant en Cuernavaca,Morelos y M\u00e9xico, obteniendo ahorros del 95 % en tu recibo de CFE. 777-4179993\" \/>\n<meta property=\"og:url\" content=\"https:\/\/cryplant.com\/paneles-solares\/\" \/>\n<meta property=\"og:site_name\" content=\"Paneles Solares | Venta e Instalaci\u00f3n | Cuernavaca y M\u00e9xico\" \/>\n<meta property=\"article:publisher\" content=\"https:\/\/www.facebook.com\/CRYPLANT\/\" \/>\n<meta property=\"article:modified_time\" content=\"2022-05-10T23:39:05+00:00\" \/>\n<meta property=\"og:image\" content=\"https:\/\/cryplant.com\/wp-content\/uploads\/2019\/07\/viverosanaya.jpg\" \/>\n\t<meta property=\"og:image:width\" content=\"600\" \/>\n\t<meta property=\"og:image:height\" content=\"400\" \/>\n\t<meta property=\"og:image:type\" content=\"image\/jpeg\" \/>\n<meta name=\"twitter:card\" content=\"summary_large_image\" \/>\n<meta name=\"twitter:site\" content=\"@cryplant\" \/>\n<meta name=\"twitter:label1\" content=\"Tiempo de lectura\" \/>\n\t<meta name=\"twitter:data1\" content=\"4 minutos\" \/>\n<script type=\"application\/ld+json\" class=\"yoast-schema-graph\">{\"@context\":\"https:\/\/schema.org\",\"@graph\":[{\"@type\":\"WebPage\",\"@id\":\"https:\/\/cryplant.com\/paneles-solares\/\",\"url\":\"https:\/\/cryplant.com\/paneles-solares\/\",\"name\":\"Paneles Solares | Cryplant | Cuernavaca,Morelos,Mexico\",\"isPartOf\":{\"@id\":\"https:\/\/cryplant.com\/paneles-solares\/#website\"},\"datePublished\":\"2019-05-23T10:42:14+00:00\",\"dateModified\":\"2022-05-10T23:39:05+00:00\",\"description\":\"Instala Paneles Solares con Cryplant en Cuernavaca,Morelos y M\u00e9xico, obteniendo ahorros del 95 % en tu recibo de CFE. 777-4179993\",\"breadcrumb\":{\"@id\":\"https:\/\/cryplant.com\/paneles-solares\/#breadcrumb\"},\"inLanguage\":\"es\",\"potentialAction\":[{\"@type\":\"ReadAction\",\"target\":[\"https:\/\/cryplant.com\/paneles-solares\/\"]}]},{\"@type\":\"BreadcrumbList\",\"@id\":\"https:\/\/cryplant.com\/paneles-solares\/#breadcrumb\",\"itemListElement\":[{\"@type\":\"ListItem\",\"position\":1,\"name\":\"Portada\",\"item\":\"https:\/\/cryplant.com\/paneles-solares\/\"},{\"@type\":\"ListItem\",\"position\":2,\"name\":\"Inicio\"}]},{\"@type\":\"WebSite\",\"@id\":\"https:\/\/cryplant.com\/paneles-solares\/#website\",\"url\":\"https:\/\/cryplant.com\/paneles-solares\/\",\"name\":\"Paneles Solares | Venta e Instalaci\u00f3n | Cuernavaca y M\u00e9xico\",\"description\":\"Ahorra 95 % en tu recibo de CFE con Cryplant y sus Paneles Solares\",\"publisher\":{\"@id\":\"https:\/\/cryplant.com\/paneles-solares\/#organization\"},\"potentialAction\":[{\"@type\":\"SearchAction\",\"target\":{\"@type\":\"EntryPoint\",\"urlTemplate\":\"https:\/\/cryplant.com\/paneles-solares\/?s={search_term_string}\"},\"query-input\":\"required name=search_term_string\"}],\"inLanguage\":\"es\"},{\"@type\":\"Organization\",\"@id\":\"https:\/\/cryplant.com\/paneles-solares\/#organization\",\"name\":\"Cryplant Paneles Solares\",\"url\":\"https:\/\/cryplant.com\/paneles-solares\/\",\"logo\":{\"@type\":\"ImageObject\",\"inLanguage\":\"es\",\"@id\":\"https:\/\/cryplant.com\/paneles-solares\/#\/schema\/logo\/image\/\",\"url\":\"https:\/\/cryplant.com\/wp-content\/uploads\/2019\/05\/planta.png\",\"contentUrl\":\"https:\/\/cryplant.com\/wp-content\/uploads\/2019\/05\/planta.png\",\"width\":512,\"height\":512,\"caption\":\"Cryplant Paneles Solares\"},\"image\":{\"@id\":\"https:\/\/cryplant.com\/paneles-solares\/#\/schema\/logo\/image\/\"},\"sameAs\":[\"https:\/\/www.facebook.com\/CRYPLANT\/\",\"https:\/\/twitter.com\/cryplant\"]}]}<\/script>\n<!-- \/ Yoast SEO plugin. -->","yoast_head_json":{"title":"Paneles Solares | Cryplant | Cuernavaca,Morelos,Mexico","description":"Instala Paneles Solares con Cryplant en Cuernavaca,Morelos y M\u00e9xico, obteniendo ahorros del 95 % en tu recibo de CFE. 777-4179993","robots":{"index":"index","follow":"follow","max-snippet":"max-snippet:-1","max-image-preview":"max-image-preview:large","max-video-preview":"max-video-preview:-1"},"canonical":"https:\/\/cryplant.com\/paneles-solares\/","og_locale":"es_ES","og_type":"article","og_title":"Paneles Solares | Cryplant | Cuernavaca,Morelos,Mexico","og_description":"Instala Paneles Solares con Cryplant en Cuernavaca,Morelos y M\u00e9xico, obteniendo ahorros del 95 % en tu recibo de CFE. 777-4179993","og_url":"https:\/\/cryplant.com\/paneles-solares\/","og_site_name":"Paneles Solares | Venta e Instalaci\u00f3n | Cuernavaca y M\u00e9xico","article_publisher":"https:\/\/www.facebook.com\/CRYPLANT\/","article_modified_time":"2022-05-10T23:39:05+00:00","og_image":[{"width":600,"height":400,"url":"https:\/\/cryplant.com\/wp-content\/uploads\/2019\/07\/viverosanaya.jpg","type":"image\/jpeg"}],"twitter_card":"summary_large_image","twitter_site":"@cryplant","twitter_misc":{"Tiempo de lectura":"4 minutos"},"schema":{"@context":"https:\/\/schema.org","@graph":[{"@type":"WebPage","@id":"https:\/\/cryplant.com\/paneles-solares\/","url":"https:\/\/cryplant.com\/paneles-solares\/","name":"Paneles Solares | Cryplant | Cuernavaca,Morelos,Mexico","isPartOf":{"@id":"https:\/\/cryplant.com\/paneles-solares\/#website"},"datePublished":"2019-05-23T10:42:14+00:00","dateModified":"2022-05-10T23:39:05+00:00","description":"Instala Paneles Solares con Cryplant en Cuernavaca,Morelos y M\u00e9xico, obteniendo ahorros del 95 % en tu recibo de CFE. 777-4179993","breadcrumb":{"@id":"https:\/\/cryplant.com\/paneles-solares\/#breadcrumb"},"inLanguage":"es","potentialAction":[{"@type":"ReadAction","target":["https:\/\/cryplant.com\/paneles-solares\/"]}]},{"@type":"BreadcrumbList","@id":"https:\/\/cryplant.com\/paneles-solares\/#breadcrumb","itemListElement":[{"@type":"ListItem","position":1,"name":"Portada","item":"https:\/\/cryplant.com\/paneles-solares\/"},{"@type":"ListItem","position":2,"name":"Inicio"}]},{"@type":"WebSite","@id":"https:\/\/cryplant.com\/paneles-solares\/#website","url":"https:\/\/cryplant.com\/paneles-solares\/","name":"Paneles Solares | Venta e Instalaci\u00f3n | Cuernavaca y M\u00e9xico","description":"Ahorra 95 % en tu recibo de CFE con Cryplant y sus Paneles Solares","publisher":{"@id":"https:\/\/cryplant.com\/paneles-solares\/#organization"},"potentialAction":[{"@type":"SearchAction","target":{"@type":"EntryPoint","urlTemplate":"https:\/\/cryplant.com\/paneles-solares\/?s={search_term_string}"},"query-input":"required name=search_term_string"}],"inLanguage":"es"},{"@type":"Organization","@id":"https:\/\/cryplant.com\/paneles-solares\/#organization","name":"Cryplant Paneles Solares","url":"https:\/\/cryplant.com\/paneles-solares\/","logo":{"@type":"ImageObject","inLanguage":"es","@id":"https:\/\/cryplant.com\/paneles-solares\/#\/schema\/logo\/image\/","url":"https:\/\/cryplant.com\/wp-content\/uploads\/2019\/05\/planta.png","contentUrl":"https:\/\/cryplant.com\/wp-content\/uploads\/2019\/05\/planta.png","width":512,"height":512,"caption":"Cryplant Paneles Solares"},"image":{"@id":"https:\/\/cryplant.com\/paneles-solares\/#\/schema\/logo\/image\/"},"sameAs":["https:\/\/www.facebook.com\/CRYPLANT\/","https:\/\/twitter.com\/cryplant"]}]}},"_links":{"self":[{"href":"https:\/\/cryplant.com\/paneles-solares\/wp-json\/wp\/v2\/pages\/23","targetHints":{"allow":["GET"]}}],"collection":[{"href":"https:\/\/cryplant.com\/paneles-solares\/wp-json\/wp\/v2\/pages"}],"about":[{"href":"https:\/\/cryplant.com\/paneles-solares\/wp-json\/wp\/v2\/types\/page"}],"author":[{"embeddable":true,"href":"https:\/\/cryplant.com\/paneles-solares\/wp-json\/wp\/v2\/users\/3"}],"replies":[{"embeddable":true,"href":"https:\/\/cryplant.com\/paneles-solares\/wp-json\/wp\/v2\/comments?post=23"}],"version-history":[{"count":74,"href":"https:\/\/cryplant.com\/paneles-solares\/wp-json\/wp\/v2\/pages\/23\/revisions"}],"predecessor-version":[{"id":918,"href":"https:\/\/cryplant.com\/paneles-solares\/wp-json\/wp\/v2\/pages\/23\/revisions\/918"}],"wp:featuredmedia":[{"embeddable":true,"href":"https:\/\/cryplant.com\/paneles-solares\/wp-json\/wp\/v2\/media\/564"}],"wp:attachment":[{"href":"https:\/\/cryplant.com\/paneles-solares\/wp-json\/wp\/v2\/media?parent=23"}],"curies":[{"name":"wp","href":"https:\/\/api.w.org\/{rel}","templated":true}]}}