{"id":505,"date":"2019-08-02T19:47:06","date_gmt":"2019-08-02T14:47:06","guid":{"rendered":"https:\/\/cryplant.com\/?page_id=505"},"modified":"2020-03-27T15:18:45","modified_gmt":"2020-03-27T20:18:45","slug":"bombeo-solar","status":"publish","type":"page","link":"https:\/\/cryplant.com\/paneles-solares\/bombeo-solar\/","title":{"rendered":"Bombeo Solar"},"content":{"rendered":"<p>[vc_row][vc_column css=\u00bb.vc_custom_1565133570105{margin-top: 30px !important;}\u00bb][vc_column_text]<\/p>\n<h1>\u00a0 \u00a0 \u00a0 \u00a0 \u00a0 BOMBEO SOLAR, TE ACERCAMOS EL <a href=\"http:\/\/orledsolar.com\">AGUA<\/a> A TU\u00a0 \u00a0 \u00a0 \u00a0 \u00a0 \u00a0 \u00a0 \u00a0 \u00a0 \u00a0 \u00a0 \u00a0 \u00a0 \u00a0 \u00a0 \u00a0 GANADO \u00d3 INVERNADERO.<\/h1>\n<h2 style=\"text-align: center;\">TENEMOS EXPERIENCIA&#8230;..\u00a1\u00a0 Hemos instalado m\u00e1s de 150 sistemas de bombeo con paneles solares en M\u00e9xico\u00a0 !<\/h2>\n<h3>Sin duda, si no tienes CFE, el bombeo solar es tu mejor opci\u00f3n.Porque es mucho m\u00e1s econ\u00f3mico que usar bombas de gasolina.Adem\u00e1s el sistema es totalmente autom\u00e1tico arranca en la ma\u00f1ana y se apaga al atardecer.<\/h3>\n<h3>En consecuencia, no necesitas trabajadores para sacar agua.Siempre tendr\u00e1s agua disponible.<\/h3>\n<p>[\/vc_column_text][\/vc_column][\/vc_row][vc_row css=\u00bb.vc_custom_1565133511471{margin-top: 30px !important;}\u00bb][vc_column width=\u00bb1\/3&#8243;]<div id=\"dt_portfolios-125\" class=\"portfolio type3\">\t<figure>\t\t<img decoding=\"async\" src=\"https:\/\/cryplant.com\/wp-content\/uploads\/2019\/06\/trapiche1.jpg\" alt=\"Bombeo solar Refugio El Trapiche\" title=\"Bombeo solar Refugio El Trapiche\"\/>\t\t<div class=\"image-overlay\"><div class=\"links\"><a title=\"Bombeo solar Refugio El Trapiche\" href=\"https:\/\/cryplant.com\/paneles-solares\/dt_portfolios\/bombeo-solar-refugio-el-trapiche\/\">Bombeo solar Refugio El Trapiche<\/a><\/div>\t\t<\/div>\t<\/figure><\/div>[\/vc_column][vc_column width=\u00bb1\/3&#8243;]<div id=\"dt_portfolios-123\" class=\"portfolio type3\">\t<figure>\t\t<img decoding=\"async\" src=\"https:\/\/cryplant.com\/wp-content\/uploads\/2019\/06\/ixmiquilpan2.jpg\" alt=\"Bombeo solar Ixmiquilpan\" title=\"Bombeo solar Ixmiquilpan\"\/>\t\t<div class=\"image-overlay\"><div class=\"links\"><a title=\"Bombeo solar Ixmiquilpan\" href=\"https:\/\/cryplant.com\/paneles-solares\/dt_portfolios\/bombeo-solar-ixmiquilpan\/\">Bombeo solar Ixmiquilpan<\/a><\/div>\t\t<\/div>\t<\/figure><\/div>[\/vc_column][vc_column width=\u00bb1\/3&#8243;]<div id=\"dt_portfolios-121\" class=\"portfolio type3\">\t<figure>\t\t<img decoding=\"async\" src=\"https:\/\/cryplant.com\/wp-content\/uploads\/2019\/06\/bombeo-solar-cryplant-isabel.jpg\" alt=\"Sistema de bombeo fotovoltaico\" title=\"Sistema de bombeo fotovoltaico\"\/>\t\t<div class=\"image-overlay\"><div class=\"links\"><a title=\"Sistema de bombeo fotovoltaico\" href=\"https:\/\/cryplant.com\/paneles-solares\/dt_portfolios\/sistema-de-bombeo-fotovoltaico\/\">Sistema de bombeo fotovoltaico<\/a><\/div>\t\t<\/div>\t<\/figure><\/div>[\/vc_column][\/vc_row][vc_row css=\u00bb.vc_custom_1565133539892{margin-top: 30px !important;}\u00bb][vc_column width=\u00bb1\/3&#8243;]<div id=\"dt_portfolios-117\" class=\"portfolio type3\">\t<figure>\t\t<img decoding=\"async\" src=\"https:\/\/cryplant.com\/wp-content\/uploads\/2019\/05\/bombeo-solar-cryplant.jpg\" alt=\"Sistema de bombeo fotovoltaico Guerrero\" title=\"Sistema de bombeo fotovoltaico Guerrero\"\/>\t\t<div class=\"image-overlay\"><div class=\"links\"><a title=\"Sistema de bombeo fotovoltaico Guerrero\" href=\"https:\/\/cryplant.com\/paneles-solares\/dt_portfolios\/sistema-de-bombeo-fotofoltaico\/\">Sistema de bombeo fotovoltaico Guerrero<\/a><\/div>\t\t<\/div>\t<\/figure><\/div>[\/vc_column][vc_column width=\u00bb1\/3&#8243;][\/vc_column][vc_column width=\u00bb1\/3&#8243;][\/vc_column][\/vc_row]<\/p>\n","protected":false},"excerpt":{"rendered":"<p>[vc_row][vc_column css=\u00bb.vc_custom_1565133570105{margin-top: 30px !important;}\u00bb][vc_column_text] \u00a0 \u00a0 \u00a0 \u00a0 \u00a0 BOMBEO SOLAR, TE ACERCAMOS EL AGUA A TU\u00a0 \u00a0 \u00a0 \u00a0 \u00a0 \u00a0 \u00a0 \u00a0 \u00a0 \u00a0 \u00a0 \u00a0 \u00a0 \u00a0 \u00a0 \u00a0 GANADO \u00d3 INVERNADERO. TENEMOS EXPERIENCIA&#8230;..\u00a1\u00a0 Hemos instalado m\u00e1s de 150 sistemas de bombeo con paneles solares en M\u00e9xico\u00a0 ! Sin duda, si no [&hellip;]<\/p>\n","protected":false},"author":3,"featured_media":0,"parent":0,"menu_order":0,"comment_status":"closed","ping_status":"closed","template":"","meta":{"footnotes":""},"class_list":["post-505","page","type-page","status-publish","hentry"],"yoast_head":"<!-- This site is optimized with the Yoast SEO plugin v19.12 - https:\/\/yoast.com\/wordpress\/plugins\/seo\/ -->\n<title>Bombeo Solar | Paneles Solares | Cuernavaca y M\u00e9xico.<\/title>\n<meta name=\"description\" content=\"El bombeo Solar es una excelente opci\u00f3n donde no hay red el\u00e9ctrica.Los Paneles Solares te suministrar\u00e1n agua para tu ganado \u00f3 tu invernadero.\" \/>\n<meta name=\"robots\" content=\"index, follow, max-snippet:-1, max-image-preview:large, max-video-preview:-1\" \/>\n<link rel=\"canonical\" href=\"https:\/\/cryplant.com\/paneles-solares\/bombeo-solar\/\" \/>\n<meta property=\"og:locale\" content=\"es_ES\" \/>\n<meta property=\"og:type\" content=\"article\" \/>\n<meta property=\"og:title\" content=\"Bombeo Solar | Paneles Solares | Cuernavaca y M\u00e9xico.\" \/>\n<meta property=\"og:description\" content=\"El bombeo Solar es una excelente opci\u00f3n donde no hay red el\u00e9ctrica.Los Paneles Solares te suministrar\u00e1n agua para tu ganado \u00f3 tu invernadero.\" \/>\n<meta property=\"og:url\" content=\"https:\/\/cryplant.com\/paneles-solares\/bombeo-solar\/\" \/>\n<meta property=\"og:site_name\" content=\"Paneles Solares | Venta e Instalaci\u00f3n | Cuernavaca y M\u00e9xico\" \/>\n<meta property=\"article:publisher\" content=\"https:\/\/www.facebook.com\/CRYPLANT\/\" \/>\n<meta property=\"article:modified_time\" content=\"2020-03-27T20:18:45+00:00\" \/>\n<meta name=\"twitter:card\" content=\"summary_large_image\" \/>\n<meta name=\"twitter:site\" content=\"@cryplant\" \/>\n<meta name=\"twitter:label1\" content=\"Tiempo de lectura\" \/>\n\t<meta name=\"twitter:data1\" content=\"1 minuto\" \/>\n<script type=\"application\/ld+json\" class=\"yoast-schema-graph\">{\"@context\":\"https:\/\/schema.org\",\"@graph\":[{\"@type\":\"WebPage\",\"@id\":\"https:\/\/cryplant.com\/paneles-solares\/bombeo-solar\/\",\"url\":\"https:\/\/cryplant.com\/paneles-solares\/bombeo-solar\/\",\"name\":\"Bombeo Solar | Paneles Solares | Cuernavaca y M\u00e9xico.\",\"isPartOf\":{\"@id\":\"https:\/\/cryplant.com\/paneles-solares\/#website\"},\"datePublished\":\"2019-08-02T14:47:06+00:00\",\"dateModified\":\"2020-03-27T20:18:45+00:00\",\"description\":\"El bombeo Solar es una excelente opci\u00f3n donde no hay red el\u00e9ctrica.Los Paneles Solares te suministrar\u00e1n agua para tu ganado \u00f3 tu invernadero.\",\"breadcrumb\":{\"@id\":\"https:\/\/cryplant.com\/paneles-solares\/bombeo-solar\/#breadcrumb\"},\"inLanguage\":\"es\",\"potentialAction\":[{\"@type\":\"ReadAction\",\"target\":[\"https:\/\/cryplant.com\/paneles-solares\/bombeo-solar\/\"]}]},{\"@type\":\"BreadcrumbList\",\"@id\":\"https:\/\/cryplant.com\/paneles-solares\/bombeo-solar\/#breadcrumb\",\"itemListElement\":[{\"@type\":\"ListItem\",\"position\":1,\"name\":\"Portada\",\"item\":\"https:\/\/cryplant.com\/paneles-solares\/\"},{\"@type\":\"ListItem\",\"position\":2,\"name\":\"Bombeo Solar\"}]},{\"@type\":\"WebSite\",\"@id\":\"https:\/\/cryplant.com\/paneles-solares\/#website\",\"url\":\"https:\/\/cryplant.com\/paneles-solares\/\",\"name\":\"Paneles Solares | Venta e Instalaci\u00f3n | Cuernavaca y M\u00e9xico\",\"description\":\"Ahorra 95 % en tu recibo de CFE con Cryplant y sus Paneles Solares\",\"publisher\":{\"@id\":\"https:\/\/cryplant.com\/paneles-solares\/#organization\"},\"potentialAction\":[{\"@type\":\"SearchAction\",\"target\":{\"@type\":\"EntryPoint\",\"urlTemplate\":\"https:\/\/cryplant.com\/paneles-solares\/?s={search_term_string}\"},\"query-input\":\"required name=search_term_string\"}],\"inLanguage\":\"es\"},{\"@type\":\"Organization\",\"@id\":\"https:\/\/cryplant.com\/paneles-solares\/#organization\",\"name\":\"Cryplant Paneles Solares\",\"url\":\"https:\/\/cryplant.com\/paneles-solares\/\",\"logo\":{\"@type\":\"ImageObject\",\"inLanguage\":\"es\",\"@id\":\"https:\/\/cryplant.com\/paneles-solares\/#\/schema\/logo\/image\/\",\"url\":\"https:\/\/cryplant.com\/wp-content\/uploads\/2019\/05\/planta.png\",\"contentUrl\":\"https:\/\/cryplant.com\/wp-content\/uploads\/2019\/05\/planta.png\",\"width\":512,\"height\":512,\"caption\":\"Cryplant Paneles Solares\"},\"image\":{\"@id\":\"https:\/\/cryplant.com\/paneles-solares\/#\/schema\/logo\/image\/\"},\"sameAs\":[\"https:\/\/www.facebook.com\/CRYPLANT\/\",\"https:\/\/twitter.com\/cryplant\"]}]}<\/script>\n<!-- \/ Yoast SEO plugin. -->","yoast_head_json":{"title":"Bombeo Solar | Paneles Solares | Cuernavaca y M\u00e9xico.","description":"El bombeo Solar es una excelente opci\u00f3n donde no hay red el\u00e9ctrica.Los Paneles Solares te suministrar\u00e1n agua para tu ganado \u00f3 tu invernadero.","robots":{"index":"index","follow":"follow","max-snippet":"max-snippet:-1","max-image-preview":"max-image-preview:large","max-video-preview":"max-video-preview:-1"},"canonical":"https:\/\/cryplant.com\/paneles-solares\/bombeo-solar\/","og_locale":"es_ES","og_type":"article","og_title":"Bombeo Solar | Paneles Solares | Cuernavaca y M\u00e9xico.","og_description":"El bombeo Solar es una excelente opci\u00f3n donde no hay red el\u00e9ctrica.Los Paneles Solares te suministrar\u00e1n agua para tu ganado \u00f3 tu invernadero.","og_url":"https:\/\/cryplant.com\/paneles-solares\/bombeo-solar\/","og_site_name":"Paneles Solares | Venta e Instalaci\u00f3n | Cuernavaca y M\u00e9xico","article_publisher":"https:\/\/www.facebook.com\/CRYPLANT\/","article_modified_time":"2020-03-27T20:18:45+00:00","twitter_card":"summary_large_image","twitter_site":"@cryplant","twitter_misc":{"Tiempo de lectura":"1 minuto"},"schema":{"@context":"https:\/\/schema.org","@graph":[{"@type":"WebPage","@id":"https:\/\/cryplant.com\/paneles-solares\/bombeo-solar\/","url":"https:\/\/cryplant.com\/paneles-solares\/bombeo-solar\/","name":"Bombeo Solar | Paneles Solares | Cuernavaca y M\u00e9xico.","isPartOf":{"@id":"https:\/\/cryplant.com\/paneles-solares\/#website"},"datePublished":"2019-08-02T14:47:06+00:00","dateModified":"2020-03-27T20:18:45+00:00","description":"El bombeo Solar es una excelente opci\u00f3n donde no hay red el\u00e9ctrica.Los Paneles Solares te suministrar\u00e1n agua para tu ganado \u00f3 tu invernadero.","breadcrumb":{"@id":"https:\/\/cryplant.com\/paneles-solares\/bombeo-solar\/#breadcrumb"},"inLanguage":"es","potentialAction":[{"@type":"ReadAction","target":["https:\/\/cryplant.com\/paneles-solares\/bombeo-solar\/"]}]},{"@type":"BreadcrumbList","@id":"https:\/\/cryplant.com\/paneles-solares\/bombeo-solar\/#breadcrumb","itemListElement":[{"@type":"ListItem","position":1,"name":"Portada","item":"https:\/\/cryplant.com\/paneles-solares\/"},{"@type":"ListItem","position":2,"name":"Bombeo Solar"}]},{"@type":"WebSite","@id":"https:\/\/cryplant.com\/paneles-solares\/#website","url":"https:\/\/cryplant.com\/paneles-solares\/","name":"Paneles Solares | Venta e Instalaci\u00f3n | Cuernavaca y M\u00e9xico","description":"Ahorra 95 % en tu recibo de CFE con Cryplant y sus Paneles Solares","publisher":{"@id":"https:\/\/cryplant.com\/paneles-solares\/#organization"},"potentialAction":[{"@type":"SearchAction","target":{"@type":"EntryPoint","urlTemplate":"https:\/\/cryplant.com\/paneles-solares\/?s={search_term_string}"},"query-input":"required name=search_term_string"}],"inLanguage":"es"},{"@type":"Organization","@id":"https:\/\/cryplant.com\/paneles-solares\/#organization","name":"Cryplant Paneles Solares","url":"https:\/\/cryplant.com\/paneles-solares\/","logo":{"@type":"ImageObject","inLanguage":"es","@id":"https:\/\/cryplant.com\/paneles-solares\/#\/schema\/logo\/image\/","url":"https:\/\/cryplant.com\/wp-content\/uploads\/2019\/05\/planta.png","contentUrl":"https:\/\/cryplant.com\/wp-content\/uploads\/2019\/05\/planta.png","width":512,"height":512,"caption":"Cryplant Paneles Solares"},"image":{"@id":"https:\/\/cryplant.com\/paneles-solares\/#\/schema\/logo\/image\/"},"sameAs":["https:\/\/www.facebook.com\/CRYPLANT\/","https:\/\/twitter.com\/cryplant"]}]}},"_links":{"self":[{"href":"https:\/\/cryplant.com\/paneles-solares\/wp-json\/wp\/v2\/pages\/505","targetHints":{"allow":["GET"]}}],"collection":[{"href":"https:\/\/cryplant.com\/paneles-solares\/wp-json\/wp\/v2\/pages"}],"about":[{"href":"https:\/\/cryplant.com\/paneles-solares\/wp-json\/wp\/v2\/types\/page"}],"author":[{"embeddable":true,"href":"https:\/\/cryplant.com\/paneles-solares\/wp-json\/wp\/v2\/users\/3"}],"replies":[{"embeddable":true,"href":"https:\/\/cryplant.com\/paneles-solares\/wp-json\/wp\/v2\/comments?post=505"}],"version-history":[{"count":20,"href":"https:\/\/cryplant.com\/paneles-solares\/wp-json\/wp\/v2\/pages\/505\/revisions"}],"predecessor-version":[{"id":686,"href":"https:\/\/cryplant.com\/paneles-solares\/wp-json\/wp\/v2\/pages\/505\/revisions\/686"}],"wp:attachment":[{"href":"https:\/\/cryplant.com\/paneles-solares\/wp-json\/wp\/v2\/media?parent=505"}],"curies":[{"name":"wp","href":"https:\/\/api.w.org\/{rel}","templated":true}]}}